s digit of b?
3
Suppose -15 = -o - 4*o. Let i(f) = 3*f**2 - 77*f - 47. Let b be i(27). Let z = o + b. What is the tens digit of z?
6
Let t(q) = -204*q - 5813. What is the units digit of t(-49)?
3
Let q = -20 - -23. Suppose 43 = -q*g + 13. Let m = g - -112. What is the tens digit of m?
0
Suppose 0 = -74*t + 157*t + 89*t - 5381536. What is the thousands digit of t?
1
Let o be ((-57)/38)/((-3)/1222). Let f = o + -110. What is the units digit of f?
1
Let i be (-1)/(4 + 104/(-24)). Suppose -i*j + 2*b = 1790 - 6731, 4*b = -12. What is the hundreds digit of j?
6
Suppose -2*f + 16 = 4*p, 5*p = 4*f + 1 - 7. What is the units digit of -192*f*-2 + (-89 - -85)?
2
Suppose -d + 105 = -172. Let o = 898 - 1038. Let f = d + o. What is the units digit of f?
7
Let s(i) be the third derivative of 11*i**4/24 + 5*i**3/6 - 50*i**2 - 4*i. Suppose -4*f = -8, -5*k - 4*f + 17 = -41. What is the hundreds digit of s(k)?
1
Let g be (-10 - -2378) + (4 - 2). Let u = g + -1649. What is the hundreds digit of u?
7
Suppose -h = -18 + 21. Let b be (1 - (-2)/6)*h. What is the tens digit of (0 - b)/(282/(-144) + 2)?
9
Let a(v) = 24*v**3 - 44*v - 43. What is the hundreds digit of a(7)?
8
What is the thousands digit of 14 + -4 + -6 + 3052?
3
What is the tens digit of (-2)/(-4)*19/((-152)/(-176))*1287?
5
Suppose 54 = 3*w - 54. Let r = -21 + w. What is the hundreds digit of (-10)/r*6 - -109?
1
Let v be ((-2)/2)/((-2)/590). Let z = -16726 + 16728. Suppose 5*i - z*b - 370 = -b, -4*i = -b - v. What is the tens digit of i?
7
Let y be ((-8)/(-2) - 10) + 0. Let w(r) = r**3 + 5*r**2 - 4*r + 14. Let z be w(y). Suppose -292 = -3*l + p, -100 = -3*l + z*l - p. What is the units digit of l?
8
Suppose -214961 = 129*i - 470838 - 595394. What is the thousands digit of i?
6
Suppose 61 = 3*o - 65. Suppose o - 32 = 5*v. Suppose -v*h = -17 - 19. What is the units digit of h?
8
Suppose -345*m = -376*m + 811611. What is the ten thousands digit of m?
2
Suppose 4*r + 0*r = 20. Suppose -3*u = r*t - 2566, -3*t + 2247 = -3*u + 717. Suppose -2*i = 6*p - 2*p - t, 3*i + p = 743. What is the tens digit of i?
4
What is the hundreds digit of 8671 - (3/(-12))/((-3)/(-84))?
6
Let a be ((-54)/6)/((-3)/(-4)). Let u be (-10)/(-3) - 8/a. Suppose 5 = u*f + 1. What is the units digit of f?
1
Suppose 4*i - i - 9 = -3*o, -5 = 5*i. Suppose -5*x - 5*f = -2*f - 2710, 4*x - o*f - 2200 = 0. What is the hundreds digit of x?
5
Let b(m) = 20*m - 163. Let j be b(8). Let i(n) = 201*n**2 - 25*n - 74. What is the hundreds digit of i(j)?
8
Suppose -10*f - 20833 + 95629 + 26854 = 0. What is the ten thousands digit of f?
1
Let x(y) = -y**2 + 4*y + 3. Let s = 75 - 71. Let b be x(s). Suppose -b*q + 45 = -15. What is the units digit of q?
0
What is the ten thousands digit of (-4)/(-46) + (12402272/46)/16?
1
Let u = 112 + -120. Let i be ((-11)/(132/u))/(2/12). Suppose 464 = 8*h - i*h. What is the tens digit of h?
1
Let a = 29364 + -17808. What is the units digit of a?
6
Let h = 621 - 895. Let l = 440 + h. Suppose -2*o + 3*o - l = 5*z, -5*z - 312 = -2*o. What is the tens digit of o?
4
Let y(n) = 7*n**2 + 5*n + 26. Let m be y(-9). Let s = -300 + m. What is the units digit of s?
8
Let h = 90380 + -47242. What is the thousands digit of h?
3
Suppose -3*s + 49139 = u, 0 = 107*u - 112*u - 35. What is the hundreds digit of s?
3
Suppose 11*c + 5*c = -5*c + 397446. What is the thousands digit of c?
8
What is the hundreds digit of 10 - 4 - (-2883 + 8)?
8
Let o = -89 + 336. Let h = o - -97. Suppose -f + h + 198 = 3*k, -4*f + 915 = 5*k. What is the units digit of k?
9
Let g(b) = b - 6. Let f be g(5). Let j(o) = 5 + 0*o + o - 2*o + 5*o - 156*o**3. What is the hundreds digit of j(f)?
1
Let t(n) = -63*n - 67. Let i be t(-1). What is the tens digit of -1*8*118/i?
3
Let x(v) = -58*v + 19. Let p(j) = -9*j + 38. Let b be p(5). What is the hundreds digit of x(b)?
4
Let p = -87 - -87. Suppose -17*n + 687 + 6045 = p. What is the units digit of n?
6
Suppose -13*k + 741 + 7228 = 0. What is the tens digit of (8/(-2))/(-4)*k?
1
Let y(p) = 0*p**2 + 3 + p**2 + 14151*p - 14147*p. Let k be 2/11 - 202/22. What is the units digit of y(k)?
8
Let s(y) = -12*y - 2*y - 14 + 52*y. Let r(w) = 77*w - 29. Let x(q) = -3*r(q) + 7*s(q). What is the units digit of x(6)?
9
Let j be (-8024)/(-8) - -7 - 5. What is the tens digit of 5/(-10) + (0 - j/(-6))?
6
Let y be 18*5/10*569. Suppose -17*g + y = -8*g. What is the tens digit of g?
6
Let h(a) = 2*a**2 - 19*a - 17. Suppose 295 - 355 = -4*m. What is the tens digit of h(m)?
4
What is the thousands digit of (7/(-7))/(2219107/369853 - 6)?
3
Let y be (-1 - -2)*1 + 189. Let q = -91 + y. What is the hundreds digit of 13585/q + 4/(-18)?
1
Let k = 147 - 145. Suppose 0 = -k*y + 140 + 308. What is the tens digit of y?
2
Let f(l) = -28*l - 9 + 8 + 7 + 8*l + 10. What is the tens digit of f(-7)?
5
What is the tens digit of 213/(-142)*-7*(-3570)/(-9)?
6
Suppose 33*q - 94 - 5 = 0. What is the units digit of (1185/25)/(q/50)?
0
Let l = -55 - -65. Suppose -7 + l = 3*w. Let s(h) = 93*h. What is the tens digit of s(w)?
9
Let v(t) = 104620*t**3 - 6*t - 8. Let y be v(-1). What is the hundreds digit of 1/(-8) + y/(-752)?
1
Suppose 19380 = 26*x + 4*x. What is the tens digit of x?
4
Suppose 0 = 9*s - 48946 - 35366. What is the units digit of s?
8
Let m(k) be the first derivative of k**3/3 + 2*k**2 - 46*k - 1. Suppose 1490 = -15*p + 5*p + 1550. What is the units digit of m(p)?
4
Suppose 18822 = 2*t - c, 2*t + 11*c - 18802 = 7*c. What is the thousands digit of t?
9
What is the tens digit of 726750/24 + (-53)/212?
8
Let o be -3 - 205/(-2)*2. Let g = o - -428. What is the units digit of g?
0
Let y = -12952 - -21486. What is the tens digit of y?
3
Suppose 40 = i + 31. What is the tens digit of 1678*4/12 + (-3)/i?
5
Suppose 4*m + 22703 = -r + 81818, -29550 = -2*m + 2*r. What is the units digit of m?
8
Let d(u) = -2*u + 156. Let b be d(27). Let z = 54 - 116. Let g = z + b. What is the tens digit of g?
4
Suppose -7*o + 2 = -5*o, 1017 = -5*r + 2*o. Let k = r + 568. What is the hundreds digit of k?
3
Let s(l) = 589*l - 4054. What is the thousands digit of s(68)?
5
Suppose -2*t - 21 = -3*x - 10, 7 = 4*x + 5*t. Suppose -4*o + 4512 = -4*l, 3392 = x*o - 0*o - l. What is the tens digit of o?
3
Let u be 34/(-4) - (-9)/(-18). Let s be (4 - u)/(2/(-2)*1). Let p(x) = -x**3 - 13*x**2 - 3*x + 14. What is the tens digit of p(s)?
5
What is the hundreds digit of 12596/14 - (38/19)/(7/(-1))?
9
Let r(g) = -61*g + 1. Suppose -20 = 2*s + 3*d, s - 12 = 2*s + 2*d. What is the tens digit of r(s)?
4
Suppose 4886*j + 6936 = 4892*j. What is the tens digit of j?
5
Let c = 18984 - -28692. What is the units digit of c?
6
Suppose -2*y = -5*y + 15. What is the hundreds digit of y + -5 - (-452 - (-1 + 0))?
4
Let u = 88 + -76. Let a(q) = -6*q - 49. Let o be a(u). Let v = o - -254. What is the tens digit of v?
3
Let o(s) = -714*s + 1113. What is the hundreds digit of o(-15)?
8
Suppose 0 = -2*r + w + 7350, -7340 = -7*r + 5*r - 4*w. What is the hundreds digit of r?
6
Suppose -9*o + 61775 + 5383 = 0. What is the units digit of o?
2
Let x be 3*1*((-100)/12 - -9). What is the hundreds digit of 4 + (23/x)/(1/36)?
4
Let j = 2095 + 427. What is the units digit of j?
2
Suppose 119*k - 478741 = -196*k + 289229. What is the tens digit of k?
3
Suppose 25022 = 10*d - 39868. What is the tens digit of d?
8
Let h = 198 - -606. Let w = h - 323. What is the units digit of w?
1
Let k(h) = -8*h + 12. Let m(c) = -c + 2. Let v(z) = 3*k(z) - 21*m(z). What is the units digit of v(-4)?
6
Suppose -5*n = -c - 0*c - 19, -2*c - 10 = -3*n. Suppose -29 + 4 = -5*k, -4*w + 5996 = -n*k. What is the thousands digit of w?
1
Suppose 35*s - 124560 = 5*s. Suppose -s = -11*z + 4175. What is the tens digit of z?
5
Let r = -138 + 50. Let g = r - -127. What is the units digit of g?
9
Let g be 10 + (3 + -3)/2. Suppose 0 = 11*x - 6*x - g. Suppose 4*s = 3*t + 175, -s - x*s - 3*t + 105 = 0. What is the tens digit of s?
4
Let d = -97 - -102. Suppose -20 = -4*x + 3*s, 5*x - d*s - 38 = -13. Suppose 0 = -4*j + r + 745, -x*j + 4*r + 931 = 3*r. What is the tens digit of j?
8
Let j(y) = 46*y + 31 - 28*y - 19*y. Let n be j(26). Suppose n*g - 3*z - 276 = 539, 3*g + z = 503. What is the tens digit of g?
6
Let f(v) = 8*v**2 - 2*v**2 - v**2 - 2*v**2 - 1 - 7*v**